{"id":2218,"date":"2025-03-06T16:49:18","date_gmt":"2025-03-06T15:49:18","guid":{"rendered":"https:\/\/www.praxis-am-schaefer.de\/?page_id=2218"},"modified":"2025-03-06T17:27:36","modified_gmt":"2025-03-06T16:27:36","slug":"krabbelgruppe","status":"publish","type":"page","link":"https:\/\/www.praxis-am-schaefer.de\/?page_id=2218","title":{"rendered":"Krabbelgruppe"},"content":{"rendered":"<p><a href=\"https:\/\/www.praxis-am-schaefer.de\/wp-content\/uploads\/2024\/05\/Babymassage1.jpg\" rel=\"fancyimg\"><img loading=\"lazy\" class=\"aligncenter size-large wp-image-2142\" src=\"https:\/\/www.praxis-am-schaefer.de\/wp-content\/uploads\/2024\/05\/Babymassage1-1024x576.jpg\" alt=\"\" width=\"900\" height=\"506\" srcset=\"https:\/\/www.praxis-am-schaefer.de\/wp-content\/uploads\/2024\/05\/Babymassage1-1024x576.jpg 1024w, https:\/\/www.praxis-am-schaefer.de\/wp-content\/uploads\/2024\/05\/Babymassage1-300x169.jpg 300w, https:\/\/www.praxis-am-schaefer.de\/wp-content\/uploads\/2024\/05\/Babymassage1-768x432.jpg 768w, https:\/\/www.praxis-am-schaefer.de\/wp-content\/uploads\/2024\/05\/Babymassage1-1536x864.jpg 1536w, https:\/\/www.praxis-am-schaefer.de\/wp-content\/uploads\/2024\/05\/Babymassage1.jpg 2048w\" sizes=\"(max-width: 900px) 100vw, 900px\" \/><\/a><br \/>\nDie erste Zeit mit Deinem Baby ist bezaubernd und ziemlich aufregend. Hat sich erst einmal alles eingespielt, kann eine Krabbelgruppe sowohl f\u00fcr Dich als auch f\u00fcr Dein Baby eine willkommene Abwechslung vom Alltag sein. Dort k\u00f6nnen die Kleinen in Kontakt mit anderen Kindern treten und die Gro\u00dfen haben die Gelegenheit, sich untereinander auszutauschen.<\/p>\n<table cellspacing=\"0\"><tr><th> <\/th><th> <\/th>\n<tr><td>Alter der Babys<\/td><td>4. Lebensmonat bis 12. Lebensmonat (bei Kursende)<\/td><\/tr>\n<tr><td>Kursdauer<\/td><td>12 Kurse Vor- und Nachmittags au\u00dfer Freitags<\/td><\/tr>\n<tr><td>Kosten<\/td><td>130 Euro inkl. Bastelmaterial<\/td><\/tr>\n<tr><td>Teilnehmerzahl<\/td><td>max. 6 TN + Baby<\/td><\/tr>\n<\/tr><\/table>\n<h2><span>Was wird in der Krabbelgruppe gemacht?<\/span><\/h2>\n<p>Diese Krabbelgruppe ist ein Zusammentreffen von Eltern mit ihren Babys. Bei diesen Treffen finden Aktivit\u00e4ten unterschiedlichster Art statt.<br \/>\nDas Erleben des eigenen K\u00f6rpers und der Kontakt mit anderen Babys und Erwachsenen steht bei diesem Krabbelkurs im Vordergrund.<br \/>\nDamit sich die Kleinen leichter in dieser ungewohnten Situation zurechtfinden, hat solch eine Gruppenstunde oft die gleichen immer wiederkehrenden Elemente:<\/p>\n<ul>\n<li><b>Begr\u00fc\u00dfung:<\/b> Bei einem Begr\u00fc\u00dfungslied werden die Kleinen zumeist pers\u00f6nlich angesprochen. Dieses Begr\u00fc\u00dfungslied signalisiert dem Baby, dass der Krabbelkurs nun losgeht und es selbst ein Mitglied dieser Gruppe ist.<\/li>\n<li><b>Freies Spiel:<\/b> Beim Freien Spiel erobern die Kleinen ganz selbstst\u00e4ndig und ohne irgendwelche Vorgaben ihre Umgebung und k\u00f6nnen dabei Kontakt mit den anderen Babys aufnehmen.<\/li>\n<li><b>Angebote:<\/b> In dieser Krabbelgruppe wird ein ganz konkretes Spiel- und Bastelangebot gemacht. Das k\u00f6nnen beispielsweise Fingerspiele und Lieder sowie Fu\u00dfabdr\u00fccke auf Leinwand sein.<\/li>\n<li><b>Verabschiedung:<\/b> So wie die Begr\u00fc\u00dfung das Startsignal f\u00fcr die Krabbelgruppe ist, so setzt das Abschiedslied ein f\u00fcr die Babys klar erkennbares Ende des Treffens.<\/li>\n<\/ul>\n<h2><span>Ziele und M\u00f6glichkeiten der Krabbelgruppe<\/span><\/h2>\n<p>Dieser Krabbelkurs bietet f\u00fcr Babys und Erwachsense viele Vorteile und kann daher zu einer kleinen Insel im Alltag mit Baby werden.<\/p>\n<h3><span>F\u00fcr die Babys<\/span><\/h3>\n<p>In der Krabbelgruppe ist alles auf die Bed\u00fcrfnisse der Kleinen ausgerichtet:<\/p>\n<ul>\n<li><b>Entwicklung.<\/b> Die Krabbelgruppe soll Spa\u00df machen und gleichzeitig positive Impulse f\u00fcr dein Baby setzen. Daher unterst\u00fctzen verschiedene Angebote und Spiele die unterschiedlichsten Entwicklungsbereiche.<\/li>\n<li><b>Lernen.<\/b> Die Spielgruppe ist gerade f\u00fcr Kinder unter einem Jahr die erste regelm\u00e4\u00dfige M\u00f6glichkeit, mit Gleichaltrigen in Kontakt zu treten. Zwar beginnen Kinder erst ab dem Kleinkindalter so richtig miteinander zu spielen, aber auch die J\u00fcngeren beobachten sich schon gegenseitig und k\u00f6nnen viel voneinander lernen.<\/li>\n<li><b>Kontaktaufnahme.<\/b> Gruppenaktivit\u00e4ten wie Krabbelgruppen, erm\u00f6glichen deinem Baby den Kontakt mit anderen Erwachsenen au\u00dferhalb der eigenen Familie. Dies ist f\u00fcr die Kleinen besonders wertvoll.<\/li>\n<\/ul>\n<p>Die Krabbelgruppe er\u00f6ffnet Deinem Liebling eine kleine neue Welt.<\/p>\n<h2><span>Terminanfrage f\u00fcr die Krabbelgruppe:<\/span><\/h2>\n<div class=\"wpcf7\" id=\"wpcf7-f2224-o1\" dir=\"ltr\">\n<div class=\"screen-reader-response\"><\/div>\n<form name=\"\" action=\"\/index.php?rest_route=%2Fwp%2Fv2%2Fpages%2F2218#wpcf7-f2224-o1\" method=\"post\" class=\"wpcf7-form\" novalidate=\"novalidate\">\n<div style=\"display: none;\">\n<input type=\"hidden\" name=\"_wpcf7\" value=\"2224\" \/>\n<input type=\"hidden\" name=\"_wpcf7_version\" value=\"4.0.3\" \/>\n<input type=\"hidden\" name=\"_wpcf7_locale\" value=\"\" \/>\n<input type=\"hidden\" name=\"_wpcf7_unit_tag\" value=\"wpcf7-f2224-o1\" \/>\n<input type=\"hidden\" name=\"_wpnonce\" value=\"1659b8482c\" \/>\n<\/div>\n<p>Vollst\u00e4ndiger Name: *<br \/>\n<span class=\"wpcf7-form-control-wrap YourName\"><input type=\"text\" name=\"YourName\" value=\"\" size=\"25\" maxlength=\"40\" class=\"wpcf7-form-control wpcf7-text wpcf7-validates-as-required\" aria-required=\"true\" aria-invalid=\"false\" \/><\/span><\/p>\n<p>Alter des Babys: *<br \/>\n<span class=\"wpcf7-form-control-wrap text-589\"><input type=\"text\" name=\"text-589\" value=\"\" size=\"25\" maxlength=\"40\" class=\"wpcf7-form-control wpcf7-text wpcf7-validates-as-required\" aria-required=\"true\" aria-invalid=\"false\" \/><\/span><\/p>\n<p>Ihre Telefonnummer:*<br \/>\n<span class=\"wpcf7-form-control-wrap YourPhone\"><input type=\"text\" name=\"YourPhone\" value=\"\" size=\"25\" maxlength=\"40\" class=\"wpcf7-form-control wpcf7-text wpcf7-validates-as-required\" aria-required=\"true\" aria-invalid=\"false\" \/><\/span><\/p>\n<p>Ihre E-mail Adresse:*<br \/>\n<span class=\"wpcf7-form-control-wrap email-654\"><input type=\"email\" name=\"email-654\" value=\"\" size=\"40\" class=\"wpcf7-form-control wpcf7-text wpcf7-email wpcf7-validates-as-required wpcf7-validates-as-email\" aria-required=\"true\" aria-invalid=\"false\" \/><\/span><\/p>\n<p>Bitte geben Sie die Zeichenfolge in das nachfolgende Textfeld ein:*<br \/>\n<input type=\"hidden\" name=\"_wpcf7_captcha_challenge_captcha-942\" value=\"626765532\" \/><img class=\"wpcf7-form-control wpcf7-captchac wpcf7-captcha-captcha-942\" width=\"72\" height=\"24\" alt=\"captcha\" src=\"https:\/\/www.praxis-am-schaefer.de\/wp-content\/uploads\/wpcf7_captcha\/626765532.png\" \/><br \/>\n<span class=\"wpcf7-form-control-wrap captcha-942\"><input type=\"text\" name=\"captcha-942\" value=\"\" size=\"25\" maxlength=\"40\" class=\"wpcf7-form-control wpcf7-captchar\" aria-invalid=\"false\" \/><\/span><br \/>\n<input type=\"submit\" value=\"Anfrage erstellen\" class=\"wpcf7-form-control wpcf7-submit\" \/><\/p>\n<div class=\"wpcf7-response-output wpcf7-display-none\"><\/div><\/form><\/div>\n<p><strong>\u00a0<\/strong><\/p>\n","protected":false},"excerpt":{"rendered":"<p>Die erste Zeit mit Deinem Baby ist bezaubernd und ziemlich aufregend. Hat sich erst einmal alles eingespielt, kann eine Krabbelgruppe sowohl f\u00fcr Dich als auch f\u00fcr Dein Baby eine willkommene Abwechslung vom Alltag sein. Dort k\u00f6nnen die Kleinen in Kontakt mit anderen Kindern treten und die Gro\u00dfen haben die Gelegenheit, sich untereinander auszutauschen. Was wird<\/p>\n","protected":false},"author":1,"featured_media":0,"parent":0,"menu_order":0,"comment_status":"closed","ping_status":"closed","template":"full-width-page.php","meta":[],"_links":{"self":[{"href":"https:\/\/www.praxis-am-schaefer.de\/index.php?rest_route=\/wp\/v2\/pages\/2218"}],"collection":[{"href":"https:\/\/www.praxis-am-schaefer.de\/index.php?rest_route=\/wp\/v2\/pages"}],"about":[{"href":"https:\/\/www.praxis-am-schaefer.de\/index.php?rest_route=\/wp\/v2\/types\/page"}],"author":[{"embeddable":true,"href":"https:\/\/www.praxis-am-schaefer.de\/index.php?rest_route=\/wp\/v2\/users\/1"}],"replies":[{"embeddable":true,"href":"https:\/\/www.praxis-am-schaefer.de\/index.php?rest_route=%2Fwp%2Fv2%2Fcomments&post=2218"}],"version-history":[{"count":14,"href":"https:\/\/www.praxis-am-schaefer.de\/index.php?rest_route=\/wp\/v2\/pages\/2218\/revisions"}],"predecessor-version":[{"id":2244,"href":"https:\/\/www.praxis-am-schaefer.de\/index.php?rest_route=\/wp\/v2\/pages\/2218\/revisions\/2244"}],"wp:attachment":[{"href":"https:\/\/www.praxis-am-schaefer.de\/index.php?rest_route=%2Fwp%2Fv2%2Fmedia&parent=2218"}],"curies":[{"name":"wp","href":"https:\/\/api.w.org\/{rel}","templated":true}]}}